 3014022212?
-3014022214
In base 11, what is -54 + 105262?
105209
In base 4, what is 10 - -12232102233020?
12232102233030
In base 10, what is 281473 - -15?
281488
In base 3, what is -122222112002221002 - 1?
-122222112002221010
In base 7, what is 16421106 + -33?
16421043
In base 9, what is -4882 - 15?
-5007
In base 14, what is -6a - 17c074?
-17c100
In base 15, what is -8 + -b6e17b?
-b6e184
In base 8, what is 153420 + -2556?
150642
In base 13, what is -65067 - -5a?
-6500a
In base 7, what is -5 - 101343214?
-101343222
In base 4, what is -11 - -30001130231102?
30001130231031
In base 9, what is -51007 - -481?
-50416
In base 13, what is 59b1a65 - -21?
59b1a86
In base 7, what is 1035140 - 4614?
1030223
In base 12, what is 39 - 39496?
-39459
In base 14, what is -1071857 + -5?
-107185c
In base 5, what is -12 - 201131231?
-201131243
In base 16, what is 206 + -4afc5?
-4adbf
In base 7, what is -1235623 + -6332?
-1245255
In base 9, what is 11 + 6170810?
6170821
In base 12, what is -48 - -26050?
26004
In base 15, what is 3e2d - 28?
3e05
In base 4, what is 221302202 - -102?
221302310
In base 15, what is -c1d370 - 8?
-c1d378
In base 14, what is -2097 + b45?
-1352
In base 8, what is 145331 + -2120?
143211
In base 4, what is -2232301232120 + 2?
-2232301232112
In base 4, what is 110132101122 - -101?
110132101223
In base 3, what is 1122212 + 20021?
1220010
In base 5, what is 2 - 43021040102?
-43021040100
In base 2, what is -101101101001 + 111010101110101?
110101000001100
In base 9, what is -5 - 3243713?
-3243718
In base 12, what is 17b95b85 + 1?
17b95b86
In base 5, what is -12242220 - -130320?
-12111400
In base 13, what is -4a079 + -114a?
-4b1c6
In base 11, what is 6260 + 23692?
29942
In base 10, what is -68 + -17986749?
-17986817
In base 8, what is 3 + 11665503?
11665506
In base 3, what is -202220220221 + -1220?
-202220222211
In base 15, what is -152c - -244e?
e22
In base 13, what is 1537b - -5b?
15409
In base 9, what is 117 - -13167?
13285
In base 10, what is -24152 + -5423?
-29575
In base 5, what is 2 - -23221024201?
23221024203
In base 16, what is -37a4 + -14b8?
-4c5c
In base 9, what is -35047 + 84?
-34853
In base 10, what is -213502 - 85?
-213587
In base 9, what is -188 + 452208?
452010
In base 8, what is 5 + 177171264?
177171271
In base 14, what is 4b19 + ab?
4bc6
In base 11, what is 33 + 1451737?
145176a
In base 10, what is 507 + 57462?
57969
In base 15, what is -e936 - 32b?
-ec62
In base 2, what is 101 - -100011000000100011000001?
100011000000100011000110
In base 7, what is 554234244 - -6?
554234253
In base 11, what is 100 + -261aaa?
-2619aa
In base 11, what is -475 - 41412?
-41887
In base 8, what is -66 + -4663755?
-4664043
In base 14, what is -2 - -7971118?
7971116
In base 16, what is 8 - 1812f?
-18127
In base 5, what is 41130 + -10241330?
-10200200
In base 16, what is 1a + c9fe5f?
c9fe79
In base 5, what is -2 - -303414424433?
303414424431
In base 13, what is -8095 + 5863?
-2532
In base 4, what is 123 + -1003312131?
-1003312002
In base 15, what is -1762 - 1c83?
-34e5
In base 6, what is -2431410 - -111?
-2431255
In base 14, what is 0 - ab77?
-ab77
In base 10, what is 1147 - -229464?
230611
In base 6, what is 14 + -1434011053?
-1434011035
In base 5, what is 3 + 220123102340?
220123102343
In base 15, what is 804a76 - 5?
804a71
In base 3, what is 220121121122222 + -12?
220121121122210
In base 9, what is 242 - 4815?
-4563
In base 7, what is 512054422 + -2?
512054420
In base 12, what is -2a0 - -2b600?
2b320
In base 6, what is -1250224 + -11105?
-1301333
In base 6, what is 1 + 44024345?
44024350
In base 5, what is -10 - 33342331412?
-33342331422
In base 6, what is -13 - -201501351?
201501334
In base 3, what is -2200012102002 + -1011?
-2200012110020
In base 3, what is 100212211000101202 + -10?
100212211000101122
In base 10, what is -238595 + 63?
-238532
In base 8, what is -106 - 365064?
-365172
In base 3, what is -1210200021220221 + 1?
-1210200021220220
In base 2, what is 11011110111010101010 - -11110?
11011110111011001000
In base 10, what is -57240701 + 4?
-57240697
In base 11, what is 305723 + -46?
305688
In base 2, what is 11110111111100000100011 + 101?
11110111111100000101000
In base 8, what is -7236 - 41?
-7277
In base 13, what is -1cc838325 + 2?
-1cc838323
In base 11, what is 20 + -235a724?
-235a704
In base 2, what is -1111010011 - -1101010100011?
1011011010000
In base 16, what is -e423 + 111?
-e312
In base 11, what is 2651007 + -1?
2651006
In base 10, what is -2 - -71686613?
71686611
In base 9, what is 8120 + 2868?
12088
In base 16, what is 392a44 + 1?
392a45
In base 10, what is 2 - 172637727?
-172637725
In base 11, what is 8 + 11a85a0?
11a85a8
In base 13, what is -10b819 + -bb?
-10b907
In base 16, what is -1a4248 - -120?
-1a4128
In base 5, what is 332011442 - -101?
332012043
In base 13, what is -70 - -16248ac?
162483c
In base 12, what is -1140b99 - -7?
-1140b92
In base 14, what is dd9b + -56b1?
86ca
In base 14, what is -1da9812 + -4?
-1da9816
In base 2, what is -11011100 + -101100100101010100?
-101100101000110000
In base 12, what is 4814510 + 0?
4814510
In base 3, what is 201212 - -1011202220220?
1011210122202
In base 10, what is -11666227 - -14?
-11666213
In base 14, what is 320027 + 0?
320027
In base 9, what is 24774 + 2?
24776
In base 11, what is -317a5996 - -5?
-317a5991
In base 8, what is 1103503 + -401?
1103102
In base 11, what is -3 + 12746592?
1274658a
In base 3, what is -112002 + -100201201?
-101020210
In base 6, what is 1402 - -10534023?
10535425
In base 3, what is -2 + -10012011120010110?
-10012011120010112
In base 7, what is -21026 + -30543?
-51602
In base 9, what is -181 - -30060?
28768
In base 4, what is -101 - -321113101?
321113000
In base 4, what is 13301032211 + -3?
13301032202
In base 12, what is 89086 - 76?
89010
In base 4, what is 1302130322131 + 3?
1302130322200
In base 2, what is 1110001101110000 - -11000100?
1110010000110100
In base 15, what is 5067 - 303e?
2028
In base 14, what is d3b - -397?
12d4
In base 12, what is 4 + 12757496?
1275749a
In base 5, what is -222231302 - 22?
-222231324
In base 10, what is 261537380 - -2?
261537382
In base 11, what is 5566a + -259?
55411
In base 12, what is -aaaa2b - 3?
-aaaa32
In base 3, what is -2012211020101 - -12111?
-2012211000220
In base 15, what is 0 + -4c0d4?
-4c0d4
In base 12, what is 3 - -6b94515?
6b94518
In base 9, what is 13 - 32610541?
-32610527
In base 9, what is 12241653 - 20?
12241633
In base 7, what is -62514512 - -23?
-62514456
In base 15, what is 2a1 - -c24?
ec5
In base 7, what is 202005 + 3262?
205300
In base 11, what is -27a788 + -35?
-27a812
In base 9, what is -300 - -14163?
13763
In base 13, what is 4351b - -6a?
43588
In base 14, what is 27cc - -ba8?
3596
In base 14, what is ca6 + -ca80?
-bbb8
In base 6, what is 34453332 + 20?
34453352
In base 4, what is 1303202313310 - 1?
1303202313303
In base 14, what is -3 + -1c5b?
-1c60
In base 10, what is 616 + 99141?
99757
In base 12, what is b41 - -a45?
1986
In base 2, what is -10010000000100100010001010101 - -1?
-10010000000100100010001010100
In base 8, what is 21575143 + 40?
21575203
In base 14, what is -1037 + -b88?
-1bc1
In base 5, what is -21 - -10324041102?
10324041031
In base 12, what is -13112 + -38b4?
-16a06
In base 3, what is -1010121111111 - -101?
-1010121111010
In base 6, what is -41513421242 - 5?
-41513421251
In base 3, what is -10 + 2110222102011?
2110222102001
In base 4, what is -3112133 + 203201?
-2302332
In base 13, what is c5 + -1a1a85?
-1a1990
In base 5, what is 1134210 + -1440?
1132220
In base 8, what is 34170 + -200?
33770
In base 16, what is -37e11d9 + -3?
-37e11dc
In base 15, what is -3104 - 675?
-3779
In base 2, what is -110101110101010010 - -1111?
-110101110101000011
In base 12, what is -313 - -13ab4?
137a1
In base 14, what is -662 + -5802?
-6064
In base 2, what is 10000111 + 10100110010101000?
10100110100101111
In base 15, what is -20bb + c0ed?
a032
In base 9, what is 102020 - -2034?
104054
In base 11, what is 3a70560 + 4?
3a70564
In base 13, what is 4 - -3c64aa?
3c64b1
In base 16, what is -106e55 - 59?
-106eae
In base 2, what is 0 + 1100000111110100001101110110?
1100000111110100001101110110
In base 7, what is 2433 - -33055?
35521
In base 7, what is -142203520 + -26?
-142203546
In base 15, what is -14 + 